
-b47195
In base 3, what is 1 + 111200221002021212?
111200221002021220
In base 4, what is -11312313013 - -1011?
-11312312002
In base 11, what is -106649 + 475a?
-10199a
In base 10, what is -50 + -1011359?
-1011409
In base 11, what is 24a6 - -1824?
421a
In base 5, what is -20 + -141021014?
-141021034
In base 6, what is -4 - -14303022202?
14303022154
In base 3, what is -1 - 20100122110220011?
-20100122110220012
In base 13, what is 771 - -6c98?
7739
In base 2, what is -10000101000011010110000000 - -10001?
-10000101000011010101101111
In base 15, what is -2bdcc + -dc?
-2beb9
In base 3, what is 11121022001101 - 120?
11121022000211
In base 6, what is 43415313 + -310?
43415003
In base 3, what is -12002000102000200 - -10?
-12002000102000120
In base 3, what is -10122112002200 - -1211?
-10122112000212
In base 9, what is -10501136 + 7?
-10501128
In base 9, what is -502100 - -3105?
-487884
In base 3, what is 0 + -121021022000002?
-121021022000002
In base 16, what is 611d08 + -5?
611d03
In base 3, what is -20010111120 + -11101?
-20010122221
In base 9, what is 5717 + 10014?
15732
In base 7, what is -63 - -63333311?
63333215
In base 4, what is -10222102132 + 11302?
-10222030230
In base 7, what is -2103500 - 122?
-2103622
In base 4, what is -2113 - -1310032?
1301313
In base 12, what is -2320 + 7?
-2315
In base 6, what is 21253211533 + -3?
21253211530
In base 8, what is 1 + 32335631?
32335632
In base 14, what is 8 - 61155?
-6114b
In base 6, what is -153 + 21050115?
21045522
In base 14, what is -1ca + -53b43?
-53d2d
In base 3, what is -122112201221 - 2?
-122112202000
In base 2, what is -10000010 - -10111110100100011001011?
10111110100100001001001
In base 4, what is -3202302 - 103311?
-3312213
In base 7, what is -1152455 + -23?
-1152511
In base 9, what is 138587 + -314?
138273
In base 4, what is -311 - -311130202?
311123231
In base 12, what is -12053973 + -4?
-12053977
In base 10, what is 2813 - 1497?
1316
In base 10, what is 1 + -358703794?
-358703793
In base 3, what is 20 - -2100211211212?
2100211212002
In base 14, what is 12c03c5 + 0?
12c03c5
In base 16, what is 1a1d75a - 2?
1a1d758
In base 11, what is -46180333 + -5?
-46180338
In base 14, what is 1 - 5269186?
-5269185
In base 7, what is 61221 + 133?
61354
In base 5, what is 1 + 4012131302?
4012131303
In base 2, what is 0 - -100001001111010011011?
100001001111010011011
In base 12, what is -4 - 3958954?
-3958958
In base 8, what is 41447207 + 15?
41447224
In base 7, what is 13 + -2346126?
-2346113
In base 12, what is 4 - -30aba3a?
30aba42
In base 14, what is 574 + 2ac?
842
In base 8, what is -163056 + 431?
-162425
In base 13, what is 94a - -3a72?
46bc
In base 9, what is -74706480 - -13?
-74706466
In base 15, what is 7498 - d7?
73b1
In base 12, what is 2724579 + -6?
2724573
In base 10, what is -96 + 1761735?
1761639
In base 2, what is 100 + 1000001101001000010101101?
1000001101001000010110001
In base 15, what is -5a73 - 1ad?
-5c31
In base 2, what is -11100000110001110101 + -10?
-11100000110001110111
In base 8, what is 1332220647 - 1?
1332220646
In base 13, what is 439922 - 19?
439906
In base 9, what is -170 - -276618?
276438
In base 4, what is -3 + -11223013300?
-11223013303
In base 15, what is 4 - 7a9cb?
-7a9c7
In base 14, what is 1bb5819a + -5?
1bb58195
In base 10, what is -221876 + 135?
-221741
In base 7, what is -2 + 526010023?
526010021
In base 11, what is -1108666 - 4?
-110866a
In base 10, what is 138578 - -269?
138847
In base 2, what is -101110011000000000 - -101111111?
-101110010010000001
In base 5, what is 13101211 + 341?
13102102
In base 10, what is 47 + -19654?
-19607
In base 15, what is -73a2acb - -3?
-73a2ac8
In base 9, what is -84452 + 177?
-84264
In base 2, what is -10 + -1111110101010101001010111110?
-1111110101010101001011000000
In base 7, what is -105305 + -2264?
-110602
In base 2, what is 1101100100101010110 - -101101010?
1101100101011000000
In base 13, what is -2 - -46b200?
46b1cb
In base 3, what is 120111 - 101221112?
-101101001
In base 12, what is 5541264 - 56?
554120a
In base 11, what is -339496594 + -4?
-339496598
In base 7, what is 66214 + -12216?
53665
In base 10, what is 226 - -1583848?
1584074
In base 14, what is 46 - 12dcd?
-12d87
In base 10, what is -13633924 + -5?
-13633929
In base 9, what is -256 - -61540?
61273
In base 5, what is 301120420 + 112?
301121032
In base 6, what is 43415024 + 1323?
43420351
In base 13, what is -1cc631 - -1b6?
-1cc448
In base 14, what is 880 - -160b?
208b
In base 6, what is -1 + -25020514544?
-25020514545
In base 12, what is 9 - 375436?
-375429
In base 12, what is -844 - 2b70?
-37b4
In base 2, what is -1111001 + -110100000101010000?
-110100000111001001
In base 6, what is 133020 + 2021?
135041
In base 14, what is -5 + 9553d?
95538
In base 14, what is -16a9d5c - 5?
-16a9d63
In base 7, what is 153504515 + -5?
153504510
In base 2, what is -100101100010010010010 - 10001011?
-100101100010100011101
In base 3, what is 20121200202 - 21?
20121200111
In base 7, what is -205335 + 446?
-204556
In base 13, what is -1a1a5 + -174?
-1a349
In base 12, what is -473aa8 - -35?
-473a73
In base 16, what is -9 - 9a467e4?
-9a467ed
In base 4, what is -2201311121 - 2100?
-2201313221
In base 4, what is -13003010202 - -11?
-13003010131
In base 14, what is -1c98 + 97a?
-131c
In base 15, what is 5cccec + 5?
5ccd02
In base 10, what is -3 - 31643715?
-31643718
In base 11, what is -560215a + 5?
-5602155
In base 4, what is -1300210221 - -3303?
-1300200312
In base 9, what is -1828358 - 12?
-1828371
In base 9, what is -1745426 - -65?
-1745351
In base 9, what is -12856215 - -10?
-12856205
In base 14, what is 55 - -917?
96c
In base 9, what is 63 - -435247?
435321
In base 6, what is 10314022443 + 1?
10314022444
In base 2, what is 1100 + 11111100111111000110?
11111100111111010010
In base 15, what is 3649844 + 4?
3649848
In base 16, what is -5b5 - -fb5?
a00
In base 13, what is -4 - -2392769?
2392765
In base 3, what is 11002 + 10201022010011?
10201022021020
In base 9, what is 3887 - 3101?
786
In base 14, what is cca46d - 3?
cca46a
In base 3, what is -12210 - 10200110002?
-10200122212
In base 6, what is 24 + -3055103131?
-3055103103
In base 8, what is -35053 + 733?
-34120
In base 9, what is -533780 - 1384?
-535274
In base 3, what is -202220 - -101011221?
100102001
In base 7, what is 3 - 14115502?
-14115466
In base 11, what is -31 + -6a21a89?
-6a2200a
In base 12, what is 116 - 208a0a?
-2088b4
In base 11, what is 4a32 + 2260a?
27541
In base 15, what is -2470c - -3bb?
-24341
In base 4, what is 10221211323 - -101?
10221212030
In base 13, what is 14 + 357315?
357329
In base 12, what is 46b - -390a1?
39550
In base 11, what is 107 - -184428?
184534
In base 7, what is -1 - -215344543?
215344542
In base 4, what is -10331121 - -2302?
-10322213
In base 13, what is a9 + 229b2?
22a8b
In base 8, what is -5 - -1323005376?
1323005371
In base 5, what is -2 + -3133032443?
-3133033000
In base 14, what is 142 + -5d445?
-5d303
In base 7, what is 104500054 - -156?
104500243
In base 2, what is -111 - -11001111000101001100?
11001111000101000101
In base 7, what is 1114301 - 30?
1114241
In base 8, what is 34070 + -4536?
27332
In base 14, what is 6808 - 18d4?
4d14
In base 5, what is 201 + -11324424?
-11324223
In base 11, what is 48899 - -143?
48a31
In base 6, what is -15304322 - 1050?
-15305412
In base 14, what is 2 + -56310db?
-56310d9
In base 11, what is 2 - 73773a?
-737738
In base 5, what is 2212 - 122411?
-120144
In base 6, what is 2134542 - -1?
2134543
In base 16, what is 0 - 2c1d483?
-2c1d483
In base 5, what is 13102 - -12444434?
13013041
In base 15, what is ca1e8 - -342?
ca53a
In base 7, what is 50 - 1000330?
-1000250
In base 6, what is 22 - -501251221?
501251243
In base 2, what is 1001 + 1011011?
1100100
In base 5, what is -210 - 1411424?
-1412134
In base 5, what is 0 - -314031331?
314031331
In base 13, what is -5a1 + -242?
-813
In base 5, what is -4 - 330420041?
-330420100
In base 2, what is -1101101000001010100000 - 10?
-1101101000001010100010
In base 14, what is -9bb4b0a - 4?
-9bb4b10
In base 13, what is -66a636 - 1?
-66a637
In base 11, what is 2 - 383a564?
-383a562
In base 14, what is 16d246 + -81?
16d1a5
In base 11, what is 2 - -49972993?
49972995
In base 14, what is 1131a - -81?
1139b
In base 15, what is -